+ 2129040. What is the tens digit of y?
8
Suppose -1846983 + 89103 = -152*k. What is the tens digit of k?
6
Suppose -5*k - 253865 = -5*d, 3*k - 7*k = -2*d + 101546. What is the hundreds digit of d?
7
Let w(z) = -6*z + 7. Let g(u) = u + 17. Let r be g(-11). Let i(y) = y**3 - 5*y**2 - 11*y + 27. Let c be i(r). What is the tens digit of w(c)?
2
Let g = 690 - 290. Suppose -g = v - 1594. What is the thousands digit of v?
1
Suppose -3*w + 4*w - i = 19869, 0 = -3*i + 12. What is the hundreds digit of w?
8
Suppose i + 5*b - 44 = 0, -21 = -2*i + 2*b + 7. Let x(p) = -8*p**3 - 43 - i*p + 26*p**2 + 4*p**3 + 3*p**3. What is the hundreds digit of x(25)?
1
Let q(t) be the second derivative of t**4/12 - 11*t**3/3 - 9*t**2 + 18*t. What is the tens digit of q(-8)?
2
Suppose 0 = 4*x - 5*k - 27963, 3*k - 45085 + 3172 = -6*x. What is the hundreds digit of x?
9
Let t(f) = -f**3 - 111*f**2 + 1088*f - 436. What is the hundreds digit of t(-122)?
5
Suppose -16 = 2*h, 13*h = -3*v + 14*h + 19205. What is the tens digit of v?
9
Let g be 3*(-1 + 5/3). Let a(c) = 3*c**2 + 13*c - 18. Let k(l) = l**2 + 2*l. Let v(t) = a(t) - k(t). What is the tens digit of v(g)?
1
Suppose 0 = -i - 3*i - 224. What is the units digit of 1248*(-1)/(-7) - i/(-196)?
8
Let i(b) = -9*b**2 + 11*b**2 + b**2 - 2*b - b**2 + 2. Let p be i(2). What is the tens digit of ((-28)/12)/(-7) - (-100)/p?
1
What is the thousands digit of (-112590)/(-8) + (-917)/524?
4
Let c = 702 - -1758. What is the thousands digit of c?
2
Let s(h) = -9*h**2 - 3*h - 8. Let z be s(-4). Suppose 125 = 4*t - 3*m - 968, 5*t - 1372 = -2*m. Let b = z + t. What is the tens digit of b?
3
Suppose 3*t - 8 = 5*t + 3*h, 4 = -2*t - 2*h. Suppose -15 = 5*k, 5*k + 8 + 5 = t*m. What is the tens digit of m*((2 - 51) + 1)?
4
Suppose -18*b + 519 = 123. What is the units digit of b*((-2)/10 + (-1143)/(-90))?
5
Suppose -l + 8 = 10, q + 57 = 5*l. Let u = q + 223. What is the units digit of u?
6
Let j = 145 + 31. What is the tens digit of (-50)/(-8)*j/4?
7
Suppose -5*l = 57 + 23. Let u be (-29)/(-9) - l/(-72). Let t(y) = 5*y**3 - y**2 - 6. What is the tens digit of t(u)?
2
Let g = 60 + -55. Suppose 3*s - 8 = -11, 3*i = -g*s + 892. What is the units digit of i?
9
What is the ten thousands digit of (-1664)/(-32)*(-724)/16*-5 - -2?
1
Suppose 2*t = -2*d + 42188, 4*t - 43092 = -5*d + 41281. What is the units digit of t?
7
What is the units digit of 33753*(-8)/(-36)*(-3)/(-2)?
1
Suppose 2*m - 17 = -2*k + 11, m = -5*k + 62. Suppose -2*x + 9 = -4*g + g, 0 = 5*x + 3*g - k. Let z(r) = 47*r - 18. What is the hundreds digit of z(x)?
1
Let a be (-9)/(-3) + -4 - (-3285)/5. Suppose 2*w = -76 + a. What is the tens digit of w?
9
Let c be (247/(-1)*1)/(51/(-51)). Let d = c + 14. What is the tens digit of d?
6
Suppose 0 = -3*n - 6, -2*m + 3*n - 354 = -7*m. Suppose 6*j = j + 4*c + 90, 0 = 4*j + 3*c - m. Let r = j + -11. What is the units digit of r?
7
Let s = 444 + -422. Let x(v) = v + 208. What is the tens digit of x(s)?
3
Suppose 3 = f, 4*h = -21*f + 22*f + 85833. What is the tens digit of h?
5
Let j(n) = 114*n + 7. Let l be -1*9*19/((-399)/14). What is the units digit of j(l)?
1
Let k = 97929 - 63061. What is the tens digit of k?
6
Let y(q) = 3263*q + 278. What is the hundreds digit of y(9)?
6
Suppose -2*x + 11 - 3 = 0, 3060 = -5*u + 5*x. Let h = 2028 + u. What is the hundreds digit of h?
4
Let g(s) = 7*s**2 + 2*s - 7. Let d be g(2). What is the units digit of 2954/50 + (-2)/d?
9
Suppose 0 = x + 6*p - 2354, -3*x - 1760 + 8753 = -5*p. What is the thousands digit of x?
2
Let k(z) = -167*z + 568. What is the hundreds digit of k(-25)?
7
Let k(t) = -t**3 + 5*t**2 - 13*t + 23. Let f be k(3). What is the tens digit of 274 - -33 - 6/f?
0
Suppose 97*q - 119*q = -270138. What is the tens digit of q?
7
Suppose 2*y - 3 = 53. Suppose 0 = 33*v - 36*v - 5*d - 38, 5*v = 2*d - 84. Let s = y - v. What is the tens digit of s?
4
Let c(h) = -108*h - 591. What is the hundreds digit of c(-28)?
4
Suppose -3*p + 4 = 37. Let c = p - -11. Suppose c = 2*z - 33 - 141. What is the tens digit of z?
8
Let t = 39288 + -20001. What is the ten thousands digit of t?
1
Suppose 0 = -7*n - 2*i + 190220, 5*n + 5*i - 7*i - 135844 = 0. What is the units digit of n?
2
Let z = 30787 - 15133. What is the thousands digit of z?
5
Let y = -687 - -368. Let j = y + 456. What is the tens digit of j?
3
Let t(j) = 4*j + 3*j**2 - 16 + 47 - 17. What is the units digit of t(-6)?
8
Let t(b) = -b**3 - 22*b**2 - 21*b + 5. Let f be t(-21). Suppose -f*m + 282 = 2*w - 83, 2*m - w = 146. Let v = 103 - m. What is the tens digit of v?
3
Let x(l) = l**2 + 39*l. Let u be x(-39). Suppose u = -30*q + 46*q - 3312. What is the tens digit of q?
0
Suppose -31*v + 146*v = 593975. What is the thousands digit of v?
5
Let z be (-2)/(-19) - ((-55600)/304 + -6). Let g(y) = 68*y**2 + 3*y + 1. Let h be g(-2). Let p = h - z. What is the tens digit of p?
7
Suppose 3*r - 190 = -4*s, -3*s = 5*r + 30 - 167. Suppose 731 = 3*x - s. What is the hundreds digit of x?
2
Let i(t) = 266*t - 96. Let u be (23/5 + -5)/(2/(-30)). What is the tens digit of i(u)?
0
Let v be 3 + -4 - (-2 + 1). Suppose -46*g + 56*g - 870 = v. What is the units digit of g?
7
Let q(o) = -876*o - 357. What is the units digit of q(-4)?
7
Let p = 9268 + -830. What is the units digit of p?
8
Let c be -87*11/((-99)/(-81)). Let z = 810 + c. What is the units digit of z?
7
Let t = -24 - -24. Suppose -8 = 2*i - t, -4*i + 1209 = 5*b. What is the tens digit of b?
4
Suppose -64642 = 52*y - 1066162. What is the units digit of y?
0
Let h be (-4)/18 + 518/63. Let a(s) = 40*s + 41. What is the units digit of a(h)?
1
Suppose 0 = 4*x - 4 - 4. Suppose 1 = -x*n + 11. Suppose -172 = -4*i - 2*j, n*j = -4*i - 0*i + 160. What is the units digit of i?
5
Suppose 5*q = 7*q - 184. Let n = q - 143. What is the units digit of (10/(-4))/(4 + n/12)?
0
Suppose -b + 28*w + 1996 = 33*w, -3*b = 4*w - 5966. What is the thousands digit of b?
1
Suppose -4*o + 5*o - 5*c + 15 = 0, 2*o - 4*c + 6 = 0. Suppose -o*p + t = -58, 7*p - 34 = 4*p + t. What is the tens digit of p?
1
Let t(m) = m**3 - 12*m**2 - 20*m - 3. What is the thousands digit of t(23)?
5
Suppose 3*u + 134 = 4*i, i + i - 92 = 2*u. What is the hundreds digit of 12975/u*4/(-2)?
5
Suppose 0 = 3*m - 2266 - 32441. Suppose 799 - m = -10*n. What is the hundreds digit of n?
0
What is the hundreds digit of (-1976676)/(-78) - (-21)/1?
3
Let b(o) = 43*o**2 + 313*o + 225. What is the ten thousands digit of b(27)?
4
Let m(t) = -2039*t - 4980. What is the hundreds digit of m(-13)?
5
Suppose 14*b - 44133 = 11*b + 3*u, b - 3*u - 14699 = 0. What is the hundreds digit of b?
7
Suppose -556*b - 91888 = -572*b. What is the units digit of b?
3
Suppose 0 = -11*g + 46 - 68. What is the hundreds digit of 8 - (-1 - g)*-1030?
0
Suppose 9*k + 745 = 14*k. Suppose -r - 5 + k = 0. What is the hundreds digit of r?
1
What is the tens digit of 1382254/138 - 4*(-4)/24?
1
What is the units digit of ((-96)/(-2))/6 + 4582 - -3?
3
Let b(r) be the first derivative of r**6/180 - 11*r**5/120 + 3*r**4/8 - 6*r**3 - 23. Let g(q) be the third derivative of b(q). What is the units digit of g(11)?
0
Let w = -383 - -943. Suppose w = l + 4*l. Suppose -4*z + l = -96. What is the units digit of z?
2
Let q(p) = -390*p**3 - 2*p**2 - 6*p - 3. Let w be q(-2). Suppose 5*y + w = 3*x, 9*y = -2*x + 11*y + 2078. What is the thousands digit of x?
1
Let a = -9098 - -16894. What is the thousands digit of a?
7
Suppose 8*t = 13*t + 5. Let f be 45/3*(3 + t). Suppose -7*v + f = -33. What is the units digit of v?
9
Suppose -17 = -5*p - 2*b, 2*b - 9 = -4*p + 5*b. Suppose 2*h + 1996 = 4*f - 248, -p*h - 1683 = -3*f. What is the units digit of f?
1
Suppose -5*s + 186748 = 5*w - 74212, -156646 = -3*s + 11*w. What is the thousands digit of s?
2
Let u = 310 + -310. Suppose u = -15*o + 374 + 7786. What is the units digit of o?
4
Suppose -8*x = 79 - 7. Let k(s) = -s**3 - 8*s**2 + 10*s + 7. Let o be k(x). What is the tens digit of o/1*(1 - 556/8)?
3
Let t(x) = x**3 - 2*x**2 - 6*x + 16. Let a be t(7). Let y = a + 215. What is the tens digit of y?
3
Suppose -35*x = -40*x + 2735. Suppose 2*b - 937 = x. What is the tens digit of b?
4
Let r = 68 + -123. Suppose 0 = -7*j - 252 - 784. Let l = r - j. What is the units digit of l?
3
Let l(s) = 169*s